the hundred millions digit of 190715087?
1
What is the hundred thousands digit of 3111854133?
8
What is the hundred thousands digit of 43974169?
9
What is the units digit of 257140433?
3
What is the hundred thousands digit of 2318058?
3
What is the hundreds digit of 146335744?
7
What is the units digit of 236231064?
4
What is the tens digit of 678529011?
1
What is the ten millions digit of 35171534?
3
What is the thousands digit of 145276223?
6
What is the hundred thousands digit of 308462532?
4
What is the millions digit of 6551208728?
1
What is the ten millions digit of 68001853?
6
What is the hundred thousands digit of 4095767668?
7
What is the tens digit of 1118028550?
5
What is the hundred thousands digit of 144590238?
5
What is the tens digit of 316997375?
7
What is the units digit of 2828319712?
2
What is the units digit of 36388699?
9
What is the millions digit of 1561196462?
1
What is the ten thousands digit of 344261105?
6
What is the thousands digit of 1388050089?
0
What is the millions digit of 27717030?
7
What is the units digit of 1946355894?
4
What is the hundreds digit of 270851611?
6
What is the tens digit of 532416733?
3
What is the thousands digit of 75773843?
3
What is the thousands digit of 3482504?
2
What is the tens digit of 11262424?
2
What is the ten thousands digit of 67600819?
0
What is the hundred thousands digit of 197596460?
5
What is the tens digit of 1248602151?
5
What is the ten thousands digit of 35006603?
0
What is the hundred millions digit of 141957137?
1
What is the ten millions digit of 145492865?
4
What is the ten thousands digit of 1203853684?
5
What is the hundred millions digit of 2084185145?
0
What is the hundred thousands digit of 169323534?
3
What is the tens digit of 42662637?
3
What is the thousands digit of 5626549273?
9
What is the millions digit of 2430503023?
0
What is the hundreds digit of 3426417471?
4
What is the hundreds digit of 59776422?
4
What is the ten millions digit of 2080245479?
8
What is the tens digit of 17219685?
8
What is the units digit of 55831396?
6
What is the millions digit of 5782822?
5
What is the ten thousands digit of 12690989?
9
What is the tens digit of 261443130?
3
What is the billions digit of 2213208988?
2
What is the hundred millions digit of 3219684110?
2
What is the units digit of 285490381?
1
What is the hundreds digit of 46663199?
1
What is the thousands digit of 1735480127?
0
What is the hundreds digit of 736123938?
9
What is the thousands digit of 96190147?
0
What is the hundreds digit of 2306564515?
5
What is the hundred thousands digit of 47950214?
9
What is the hundreds digit of 36145976?
9
What is the units digit of 510256508?
8
What is the tens digit of 1723611490?
9
What is the millions digit of 1264971524?
4
What is the tens digit of 14884095?
9
What is the hundred thousands digit of 23873003?
8
What is the hundreds digit of 118852932?
9
What is the ten millions digit of 180175327?
8
What is the ten thousands digit of 64501368?
0
What is the units digit of 529096799?
9
What is the ten millions digit of 143233208?
4
What is the ten thousands digit of 14744006?
4
What is the tens digit of 1628759004?
0
What is the thousands digit of 20856686?
6
What is the ten millions digit of 21278781?
2
What is the tens digit of 2009827?
2
What is the millions digit of 840179403?
0
What is the thousands digit of 342874309?
4
What is the units digit of 177647047?
7
What is the hundred thousands digit of 105873759?
8
What is the hundred thousands digit of 1351235238?
2
What is the millions digit of 93092649?
3
What is the ten millions digit of 57083891?
5
What is the ten millions digit of 1616275010?
1
What is the ten millions digit of 737967509?
3
What is the thousands digit of 451331560?
1
What is the hundreds digit of 411998974?
9
What is the hundred millions digit of 698108898?
6
What is the millions digit of 312657720?
2
What is the hundreds digit of 621891632?
6
What is the units digit of 191469329?
9
What is the tens digit of 84255497?
9
What is the tens digit of 110017905?
0
What is the ten millions digit of 25665827?
2
What is the millions digit of 129964009?
9
What is the hundreds digit of 101934185?
1
What is the hundred thousands digit of 439994896?
9
What is the ten millions digit of 25814983?
2
What is the thousands digit of 1844193325?
3
What is the thousands digit of 333935622?
5
What is the hundred thousands digit of 5575621963?
6
What is the tens digit of 5305571604?
0
What is the thousands digit of 3502794783?
4
What is the millions digit of 96452817?
6
What is the tens digit of 2451803641?
4
What is the millions digit of 243988515?
3
What is the thousands digit of 89349242?
9
What is the hundred millions digit of 507957061?
5
What is the ten thousands digit of 87117307?
1
What is the units digit of 43939427?
7
What is the hundred thousands digit of 7323065323?
0
What is the hundred thousands digit of 94143159?
1
What is the hundred thousands digit of 4006661590?
6
What is the tens digit of 27004550?
5
What is the units digit of 167186232?
2
What is the hundreds digit of 1617070183?
1
What is the hundred thousands digit of 570879800?
8
What is the ten millions digit of 420914921?
2
What is the tens digit of 556073704?
0
What is the hundred thousands digit of 3448570879?
5
What is the hundreds digit of 765563391?
3
What is the millions digit of 201435169?
1
What is the hundred millions digit of 1382158837?
3
What is the millions digit of 25059141?
5
What is the tens digit of 40116748?
4
What is the thousands digit of 25464931?
4
What is the ten thousands digit of 9685017?
8
What is the hundred thousands digit of 258653110?
6
What is the hundred millions digit of 139826569?
1
What is the hundred millions digit of 558170249?
5
What is the ten thousands digit of 8183342016?
4
What is the tens digit of 1712569987?
8
What is the millions digit of 196857153?
6
What is the hundred millions digit of 688639300?
6
What is the units digit of 1692288824?
4
What is the units digit of 29353256?
6
What is the hundreds digit of 10692685?
6
What is the hundreds digit of 1097094200?
2
What is the tens digit of 34442719?
1
What is the units digit of 14417161?
1
What is the hundreds digit of 3296150?
1
What is the hundred thousands digit of 5469140546?
1
What is the ten thousands digit of 197091325?
9
What is the units digit of 432750141?
1
What is the hundreds digit of 1256740885?
8
What is the tens digit of 948242636?
3
What is the millions digit of 979089437?
9
What is the ten thousands digit of 958541442?
4
What is the tens digit of 99284936?
3
What is the ten millions digit of 115418201?
1
What is the ten millions digit of 393326088?
9
What is the hundred thousands digit of 2580896309?
8
What is the hundreds digit of 234577112?
1
What is the ten thousands digit of 61496390?
9
What is the ten thousands digit of 623240211?
4
What is the units digit of 9251959?
9
What is the hundreds digit of 198445572?
5
What is the units digit of 1344473745?
5
What is the units digit of 84419244?
4
What is the ten millions digit of 56097241?
5
What is the tens digit of 69875158?
5
What is the ten thousands digit of 409132456?
3
What is the hundred thousands digit of 387210?
3
What is the tens digit of 755135650?
5
What is the ten millions digit of 252477633?
5
What is the ten thousands digit of 321551923?
5
What is the millions digit of 231470153?
1
What is the tens digit of 1206918206?
0
What is the hundreds digit of 39119243?
2
What is the millions digit of 153098568?
3
What is the ten millions digit of 79563981?
7
What is the tens digit of 2895088818?
1
What is the hundred thousands digit of 5352364068?
3
What is the tens digit of 1257523369?
6
What is the hundred thousands digit of 63837450?
8
What is the units digit of 841285843?
3
What is the ten millions digit of 925659925?
2
What is the millions digit of 33963289?
3
What is the ten millions digit of 65155494?
6
What is the tens digit of 192753756?
5
What is the hundreds digit of 965529758?
7
What is the tens digit of 4576734662?
6
What is the tens digit of 93493857?
5
What is the ten thousands digit of 762347193?
4
What is the tens digit of 7736640?
4
What is the hundreds digit of 442770918?
9
What is the ten millions 